ided by a.
0
Suppose -2*l + 60 = l. Suppose -2*t + 6*t - l = 0. Calculate the remainder when t is divided by 2.
1
Let p = 22 - 15. Let l(z) = 2*z - 8. What is the remainder when l(p) is divided by 4?
2
Let x = 18 - 4. Let m = -78 + 203. Suppose -o - 4*o = -m. What is the remainder when o is divided by x?
11
Let v(y) = y**3 + 4*y**2 - 2*y + 2. Let h be v(-3). Let q be (-1 + h)/(2/4). Let t = q - 20. What is the remainder when 35 is divided by t?
11
Let c(h) = 12*h - 4. What is the remainder when c(3) is divided by 17?
15
Let f(h) = h**3 + 13*h**2 - 17*h + 17. Calculate the remainder when f(-14) is divided by 20.
19
Suppose 112 = 4*v - 88. Let o be (-3 - 0)/(-3)*-16. What is the remainder when v is divided by (-1 + o)*(-2 - -1)?
16
Suppose -42 = -5*n + 2*n. Calculate the remainder when 69 is divided by n.
13
Calculate the remainder when 21 is divided by 8*2*(-7)/(-14).
5
Let r = 154 - 99. Calculate the remainder when r is divided by 28.
27
Let d = -119 - -134. Calculate the remainder when 69 is divided by d.
9
Suppose -9*g + 4*g = 3*h - 82, -5*h - 22 = -3*g. Let k(y) = -8*y - 42. Calculate the remainder when k(-12) is divided by g.
12
Suppose 14 = 3*k + o, 6 = -5*k - o + 28. Suppose z = -k*i + 13, -i - 4*i + 5 = 0. What is the remainder when 17 is divided by z?
8
Let n(i) = -i**3 + 4*i**2 + 5*i - 12. Let t be n(5). Let u = 30 + t. What is the remainder when 32 is divided by u?
14
Let b = 48 - 38. Calculate the remainder when 27 is divided by b.
7
Let z(u) = -u**3 + 14*u**2 - 12*u - 1. What is the remainder when 22 is divided by z(13)?
10
Let y(k) = 9*k + 18. What is the remainder when y(9) is divided by 35?
29
Suppose -27 = -3*v + 162. What is the remainder when v is divided by 11?
8
Suppose 34 - 12 = t + 5*n, 0 = 3*t + 5*n - 96. Suppose -4*f + 4 = 0, -f - 18 = -4*c + t. Calculate the remainder when 39 is divided by c.
11
What is the remainder when 34 is divided by 9/4*(-48)/(-9)?
10
Suppose 3*s + 2*b - 180 = 0, 3*s + s - 2*b - 254 = 0. What is the remainder when s is divided by 13?
10
Let j(w) = 9*w + 2. Let o be j(2). Suppose 4*n + 4*x = -0*n + o, -10 = -2*n - x. Calculate the remainder when 7 is divided by n.
2
Suppose 2*f - 184 = -g - 3*g, 2*g - 2*f - 98 = 0. Calculate the remainder when g is divided by 12.
11
Suppose 0*u + 5*u = 0. Suppose -s + u*s + 49 = 0. Calculate the remainder when s is divided by (-5 + 22)*(0 + 1).
15
Let g = -41 - -68. Let q(n) = -2*n**2 + 2*n + 10. Calculate the remainder when g is divided by q(0).
7
Suppose 2*j = -j + 30. Let s = j + -6. Suppose -3*r + 114 = -4*q, r - 195 = -s*r + 5*q. Calculate the remainder when r is divided by 11.
9
Suppose 2*a - 7*a - 45 = 0. Let m(s) = 7 + 9 - s - 15. Calculate the remainder when 19 is divided by m(a).
9
Let b = 84 - 68. What is the remainder when 159 is divided by b?
15
Let m = 28 - 42. Let n = m + 48. What is the remainder when n is divided by 12*(-3 - -2)*-1?
10
Let u(b) = -2*b**2 - 2*b**2 + 133 + 3*b**2. Let k be u(0). Suppose 0 = 4*y - k + 53. What is the remainder when 38 is divided by y?
18
Suppose -2*f = -w - 0*w + 34, 0 = -f - 5. What is the remainder when 44 is divided by w?
20
Let i = 4 - 1. Calculate the remainder when i/9*(-45)/(-3) is divided by 2.
1
Let g(i) = 7*i**2 - i - 2. Calculate the remainder when g(-2) is divided by 1/4 - 351/(-36).
8
Let g = -62 - -75. Calculate the remainder when 23 is divided by g.
10
Let i be (1/(-2))/((-5)/70). Let h = i + -1. Calculate the remainder when 10 is divided by h.
4
Let y(m) = -m**3 + 6*m**2 + m + 1. Let k(g) = g**2 - 12*g + 12. Let u(x) = -x + 6. Let w be u(-6). What is the remainder when k(w) is divided by y(6)?
5
Let s(c) = -12*c + 7. Calculate the remainder when 53 is divided by s(-1).
15
Let b(o) = o**3 + 5*o**2 - 8*o - 3. Suppose 4*f - 76 = 24. What is the remainder when f is divided by b(-6)?
7
Let d be (12/(-8))/((-2)/4). Let w(l) = 3*l - 4. Calculate the remainder when w(d) is divided by 2.
1
Suppose 9*w - 4*w - 210 = 0. Calculate the remainder when w is divided by 11.
9
Let v = -9 + 15. What is the remainder when v is divided by 3?
0
Suppose -4*m + 13 = 5*l - 31, 0 = m - l - 2. Calculate the remainder when 30 + m*(-2)/4 is divided by 15.
12
Suppose 5*w + 45 + 90 = 0. Let t = -13 - w. What is the remainder when 39 is divided by t?
11
Let u be (-8)/12*(-16 - -1). Suppose 4*x - 42 = -u. What is the remainder when 21 is divided by x?
5
Let i(n) = -n**3 - 6*n**2 - n + 6. Let k be i(-7). Let u = -44 + k. What is the remainder when u is divided by 7?
4
Suppose -3 = 7*m - 8*m. What is the remainder when 13 is divided by m?
1
Suppose -3*q - 5*n + 21 = 0, 5*q - n = 35 - 0. What is the remainder when 25 is divided by q?
4
Suppose 2*o + 2*o = 5*w + 257, o - 38 = -4*w. Calculate the remainder when 107 is divided by o.
49
Let i = 23 + -9. Calculate the remainder when i is divided by 5.
4
Let q = 51 + -19. Let t be (-4)/6 - 740/(-12). Suppose -4*j + t = 17. Calculate the remainder when q is divided by j.
10
Suppose 20 = 5*t - 0. Let d = 7 + t. What is the remainder when 20 is divided by d?
9
Let l be (-1)/(-3) - (-1)/(-3). Suppose -3*d + 81 = -l*d. Suppose -17 = -2*m + 11. Calculate the remainder when d is divided by m.
13
Let u(o) = -2*o + 8. Let v be u(5). Calculate the remainder when v - (3 - (0 + 37)) is divided by 7.
4
Suppose -2*b = 10, -2*n + 4*b = 3*n - 70. Let w be 29/(-5) - 1/5. Calculate the remainder when 2 + 25 + w/(-3) is divided by n.
9
Let m = 15 + 5. Let c be (-2)/(-3) + m/6. Suppose 5*n - 4*z - 28 = 2*n, 5*z + c = -4*n. Calculate the remainder when n is divided by 2.
0
What is the remainder when 45 is divided by ((-54)/(-8))/(108/32 + -3)?
9
Let x be (-12)/(-2)*4/3. Let b(d) = -d**2 + 6*d + 6. Let p be b(x). What is the remainder when 8*4/((-16)/p) is divided by 7?
6
Suppose -2*p - 130 = -164. What is the remainder when 100 is divided by p?
15
Suppose -2*l + 160 = 2*l. Let r = l + -17. Let v = r + -6. What is the remainder when v is divided by 9?
8
Let b(k) = -k + 0 - k - 5. Suppose 2*d + 9 + 1 = 0. Calculate the remainder when b(d) is divided by 3.
2
Let n(h) = -2*h**2 + 2*h + 18. What is the remainder when n(0) is divided by 7?
4
Suppose 5*o - 109 = -14. Suppose c - 40 = -0*c. Suppose -x = -5*q - o, -4*x - q = -3*q - c. Calculate the remainder when 26 is divided by x.
8
Let m = -19 - -31. Let p be (-1180)/(-6)*6/(-5). Calculate the remainder when p/(-7) + 4/14 is divided by m.
10
Let x be (-416)/(-14) - (-2)/7. Suppose 2*t - 42 - 24 = -4*v, -v + 4*t + x = 0. What is the remainder when 70 is divided by v?
16
Suppose -4*v - v - 4*f = -45, -25 = -5*f. Suppose -5 = -c - 3*c - u, -v*u - 13 = c. Calculate the remainder when 2 is divided by c.
0
Let b(n) = 8*n - 7. Let u be b(10). Let r = 118 - u. What is the remainder when r is divided by 12?
9
Let l(y) = y + 14. Calculate the remainder when 13 is divided by l(-10).
1
Suppose 0 = 5*q - 5*o + o - 73, -3*q + 42 = -3*o. What is the remainder when q is divided by 10?
7
Suppose -3*x - 2*i = -55, 0 = x - 2*i - 3*i - 41. What is the remainder when 66/132 - 322/(-4) is divided by x?
18
Suppose -3*p = -4*p + 2. Calculate the remainder when 5 is divided by p.
1
Suppose 8*b - 16*b + 48 = 0. Calculate the remainder when 125 is divided by b.
5
Suppose -4*d + 6*d - 310 = 0. Calculate the remainder when d is divided by 39.
38
Suppose 0 = 12*i - 13*i + 54. What is the remainder when i is divided by 19?
16
What is the remainder when -5 + (-456)/(2 - 8) is divided by 8?
7
Suppose -3*p + 49 = -98. Let r = 16 + -3. Calculate the remainder when p is divided by r.
10
Let s = -87 + 121. What is the remainder when s is divided by 9?
7
Suppose 3*g = 2*x + 4*g - 25, x - 5*g = -4. Suppose 4*d + x + 12 = 5*h, -4*h = d - 31. Suppose a + 3*a = 76. What is the remainder when a is divided by h?
5
Suppose -5*n + 1 = -3*r, 0 = -7*n + 2*n - 2*r + 16. Let a = 2 + n. Calculate the remainder when 15 is divided by a.
3
Let g = -87 + 113. Calculate the remainder when 102 - (-2)/2*-1 is divided by g.
23
Suppose 6*c = 7*c - 23. Suppose -3*p + 15 = 0, -61 + 250 = 3*v - 3*p. Calculate the remainder when v is divided by c.
22
Suppose 3*o + 2*l - 29 = 0, -4*o + 72 = -6*l + 2*l. Let k be 1/(-2) - (-33)/(-6). Let g(t) = -3*t + 6. What is the remainder when g(k) is divided by o?
11
Suppose 3*r - r = 94. Wh